 + 1 - 9 = -i, f = -5*v - 5*i. What is the units digit of v?
2
Suppose 0 = -19*i + 16*i + 120. What is the tens digit of i?
4
Suppose 0 = -51*x + 37*x + 33880. What is the tens digit of x?
2
Let r = -138 + 237. What is the tens digit of r?
9
Let u = 598 - -521. What is the tens digit of u?
1
Let f be (-6)/(-8)*-4 + 1067. Suppose 0 = 32*q - 36*q + f. What is the units digit of q?
6
Let v = 25 - 20. Let c(d) = 2*d**2 + 8*d - 16. What is the units digit of c(v)?
4
Let a = -74 + 74. Suppose 4*m - 2*b = 8*m - 184, m + 4*b - 39 = a. What is the tens digit of m?
4
What is the hundreds digit of 1 + -630*(-12)/8?
9
Suppose -4*l = -l. Let n = -24 + l. What is the units digit of (-50)/20*n/10?
6
Suppose -2*f + 234 = -4*u, 0 = 7*f - 2*f + 5*u - 660. Suppose f = 2*d - 133. What is the hundreds digit of d?
1
Let k(w) = -w**3 - 4*w**2 - 6*w - 5. Let d be k(-3). Suppose d*v + 7 = 35. What is the units digit of v?
7
Let s = 531 - 62. What is the units digit of s?
9
Let r(m) = -5*m - 3. Let k be r(-1). What is the units digit of 2/(k/(28 + -4))?
4
Suppose 5*u = -25*f + 24*f + 2634, -2*u - 2655 = -f. What is the tens digit of f?
4
Suppose -3*p - 2*c - 69 = 0, -c = -5*p - 16 - 86. Let j be 14/(-6) - 7/p. What is the units digit of 6*((-12)/9 - j)?
4
Let m = 50 - 108. What is the tens digit of -2 - (1*m - -2)?
5
Suppose 5*w + 5*q = 120, 18 + 55 = 2*w - 3*q. Suppose 2*g + w - 45 = 0. What is the units digit of g?
8
Let q(n) = 9*n - 5. Let g(w) = 27*w - 14. Let s(f) = 3*g(f) - 8*q(f). Let u be s(2). Let t = 57 - u. What is the tens digit of t?
4
Let y = 432 + 227. What is the tens digit of y?
5
Let r(z) = 4*z**3 - 21*z**2 + 7*z + 9. What is the tens digit of r(7)?
0
Let a = -205 + 29. Let g = -6 - a. Suppose 0 = -s + 2*o + 34, g = -s + 6*s + o. What is the tens digit of s?
3
Let o = 504 + 645. What is the units digit of o?
9
Let j(k) = 2*k + 35. Suppose 0 = 14*q - 5*q + 99. What is the units digit of j(q)?
3
Let y(o) be the third derivative of -o**6/120 - o**5/10 + 4*o**3/3 + 16*o**2. What is the tens digit of y(-7)?
5
What is the hundreds digit of (-4420)/(-32) - (-4)/(-32)?
1
Suppose 0*u = i - 3*u + 48, 3*i + 144 = -2*u. Let r = i + 105. What is the units digit of r?
7
Suppose 945 = 2*m - 3*j, 3*m - 4*j = -j + 1413. What is the units digit of m?
8
Let n be (-75)/(-12) + (-1)/4. Let l be 2/6*234/n. Suppose 5*q - 97 = l. What is the units digit of q?
2
Suppose -5*v + 0*v = 3*u + 920, 5*u = 3*v - 1590. Let j = u - -518. What is the units digit of j?
3
Let s = 22 - 73. Let r = -31 - s. Let a = -12 + r. What is the units digit of a?
8
Let m(r) be the second derivative of -17*r**3/6 + 19*r**2/2 + 24*r. What is the hundreds digit of m(-7)?
1
Suppose 4*o - 33 = 195. Let k = -160 + o. Let z = 154 + k. What is the units digit of z?
1
Let x(t) = t**2 + 7*t - 33. Let p be x(11). Let z = p + -98. What is the units digit of z?
7
Suppose 4*q = 2*y + 2138, 6*q - 5*y = 11*q - 2680. What is the tens digit of q?
3
Let o(y) = -39*y**2 + 6*y + 12. Let i be o(-6). Let p be (-8)/10 - i/35. Suppose p = 7*k - 30. What is the units digit of k?
0
Let p be (-7 + 10)*12/9. Let c(r) = r**2 - 6*r - 2. Let d be c(p). What is the tens digit of 15/25 - 254/d?
2
Let o(j) = 7*j**2 + 2*j - 1. Let g be 0/1 + 5 + 0. Suppose -5*f - 8 = -q - 3*f, 5*q + g = f. What is the tens digit of o(q)?
2
Suppose 838 = 12*m - 10*m. What is the units digit of m?
9
Suppose -3*d - 201 = -4*t, -45 = 2*t - 3*t - d. Suppose -t = -p + 3*v, 2*p = 3*p - 4*v - 49. What is the units digit of p?
5
Suppose -46 = -s + 10. Let n be -4 + (-3)/((-6)/s). Suppose 0 = 7*x - 18 - n. What is the units digit of x?
6
Let g(n) = -14*n + 1000. What is the tens digit of g(0)?
0
Let d = -69 + 77. What is the units digit of ((-196)/d + 7)/(2/(-4))?
5
Suppose 0 = 2*q - 5*s - 184, q + 0*q - 89 = 4*s. Let j = q - -28. Suppose 5*l = p + 4*p + 85, 5*l + 3*p = j. What is the units digit of l?
2
Suppose 2*q - 4 = -k, 0*q + k = -4*q + 8. Suppose -q*s + 0 = -22. Let r = s - 3. What is the units digit of r?
8
Let o(a) = 2*a - 14. Let q be o(7). Let z(t) = -t**2 + 6*t + 5. Let k be z(6). Suppose -k*r + r + 304 = q. What is the units digit of r?
6
Let o(k) = -6*k - 13. Let u be o(-17). Suppose -u = -4*f + 587. What is the tens digit of f?
6
Let o = 757 + 1083. What is the hundreds digit of o?
8
Suppose 6*t = t + 25. Let u(s) = s**3 - 3 - 5*s**2 + 2*s**2 - 2*s**2 + 2*s + 0*s**3. What is the units digit of u(t)?
7
Let b be 3 - (6/33 - 18/(-22)). Let h = 71 - b. What is the tens digit of h?
6
Suppose -16*n + 47472 = -4*n. What is the hundreds digit of n?
9
Suppose 2*x = 7*x - 80. Let w be 2/(x/(-4))*-4. Suppose 0 = w*b - 0*b - 92. What is the units digit of b?
6
Suppose -65 = 4*a + a. Let r = a - -21. What is the units digit of (-12)/((-20)/r - -1)?
8
Suppose 2*p - 3078 = -39*j + 34*j, -3*j + 1849 = -p. What is the units digit of j?
6
Let q = -28 + 40. What is the units digit of (-42)/(-4)*64/q?
6
Let s(n) = 4*n - 23. Let k be s(7). Suppose k*b = b - g + 489, 0 = -5*b + g + 600. What is the units digit of b?
1
Let r(f) = -2*f**2 - f + 6. Let q be r(-2). What is the units digit of 58 - (q/(-4) + 0)?
8
Let p(y) = -41*y**3 + 4*y**2 + 2*y - 1. Let r be p(-1). Suppose 118 + r = 2*w. What is the units digit of w?
0
Suppose -2*s = -6*s + 1640. Suppose 2*c - x + 0*x = s, 210 = c + 2*x. What is the tens digit of c?
0
What is the units digit of 209 - (-11 + 6 + 3)?
1
Suppose -18*u = -21*u + 234. What is the tens digit of (-15 - -5)/((-3)/u)?
6
Let p(h) = -38*h**3 + 4*h**2 + 4*h + 2. What is the tens digit of p(-2)?
1
Suppose 2*p - 156 = 124. Suppose 7*c + p = 9*c. What is the tens digit of c?
7
Let t be (2/(-3))/(1/21). Let b = t - -33. What is the units digit of b?
9
Let h = 14 - 17. Let a(b) = 2*b + 2*b + 2*b**2 + 0*b**2. What is the units digit of a(h)?
6
Suppose 33*j - 38720 = 173668. What is the tens digit of j?
3
Let c(m) = -20*m - m**2 - 3*m + 5 + 39*m - 30. What is the units digit of c(9)?
8
What is the hundreds digit of ((-27)/(-6))/(-3) + 49462/28?
7
Let y(h) = 12*h**2 + h**3 - 4*h**2 - 3 - 6*h + 16*h. Let q be y(-7). What is the units digit of (q/(-10))/(10/25)?
6
Suppose 5*p - 2*c = -0*p + 81, 3*p - 36 = -3*c. Suppose 5*v + 0*t = 5*t + 275, 5*t = -p. What is the tens digit of v?
5
Suppose -5*h + 33 = 4*b, -b + 4*b - 26 = -4*h. Let q = -3 + 16. Suppose -h*x + 3*g + 77 = 5*g, x + g = q. What is the tens digit of x?
1
Let h(a) = -a**2 - 15*a - 19. Let o be h(-14). Let m(p) = 0*p + p**2 - 7*p - 2*p**2. What is the units digit of m(o)?
0
Suppose -5*m + 15 = -m - 3*w, -2*w = m + 10. Suppose -6 = -2*q + 8. Suppose m = a - q. What is the units digit of a?
7
Suppose 3*j + 3 = -x + 3*x, x = -j + 4. Suppose x*m = -5*h + 35, 5*h - 10 = -2*m + 4*m. Suppose 74 = h*i - 170. What is the tens digit of i?
6
Suppose 6 = -3*k + 18. Suppose -6 = 5*c - i, -2 + 18 = -k*c - 2*i. Let f = c + 21. What is the units digit of f?
9
Suppose 0 = c - 18*g + 23*g - 2268, 4*c - g - 9135 = 0. What is the thousands digit of c?
2
Let m = 7 - 5. Suppose 3*s - 15 = -4*q, -2*s = 3*s - 2*q - 25. Suppose -m*a + s + 7 = 0. What is the units digit of a?
6
Suppose n + 3011 = 17*a - 14*a, -5020 = -5*a + 2*n. What is the tens digit of a?
0
What is the units digit of 112/952 + (-20090)/(-34)?
1
Suppose 2*g - 3*f - 1168 - 33 = 0, 3*g - 1784 = f. What is the units digit of g?
3
Let c(n) = -16*n - 42. Let m be c(-19). What is the hundreds digit of 5 + m - (-2 + -2)?
2
Let f(p) = 6*p + 260. What is the units digit of f(-17)?
8
Let n = 99 + -94. Suppose -5*c = -n*d + 2*d + 240, -4*d = -c - 303. What is the units digit of d?
5
Suppose -31 = o - 83. What is the units digit of o?
2
Suppose 639 = -13*v + 14*v. What is the units digit of v?
9
Let b(l) = 390*l - 278. What is the tens digit of b(5)?
7
Let o(i) = -7*i**2 - 19*i + 11. Let g(v) = -3*v**2 - 9*v + 6. Let x(f) = -9*g(f) + 4*o(f). Let y be x(6). What is the units digit of y/(-8) - (-84)/2?
4
Let m be (-14)/(-3) - (-44)/33. Suppose u + 3 = m. Suppose 34 = u*l - 2*l - 2*h, 22 = l - 5*h. What is the units digit of l?
2
Suppose -3*b = -4*d - 239, 0*b = 3*b - 3*d - 237. Let w = b + -50. What is the units digit of w?
7
Suppose -2011 = 10*u - 7061. What is the tens digit of u?
0
Suppose 3*m - 11*m + 16 = 0. Suppose -m*o = -12 - 32. What is the units digit of o